{"id":352,"date":"2011-03-20T18:23:12","date_gmt":"2011-03-20T18:23:12","guid":{"rendered":"http:\/\/www.hawkfields.com\/wordpress\/?page_id=352"},"modified":"2022-07-06T15:14:10","modified_gmt":"2022-07-06T13:14:10","slug":"hawkfields-gotta-go-my-own-ways","status":"publish","type":"page","link":"https:\/\/www.hawkfields.com\/wordpress\/?page_id=352","title":{"rendered":"Hawkfield&#8217;s Gotta Go My Own Ways"},"content":{"rendered":"<p><img loading=\"lazy\" decoding=\"async\" class=\"aligncenter\" title=\"Hawkfield's Gotta Go My Own Ways\" src=\"http:\/\/www.hawkfields.com\/images\/pics\/Sinnu_110612-1.jpg\" alt=\"Hawkfield's Gotta Go My Own Ways\" width=\"550\" height=\"367\" \/><\/p>\n<p style=\"text-align: center;\">&#8220;Sinnu&#8221;<\/p>\n<p style=\"text-align: center;\">born 01.07.2010<br \/>\nblue merle female, crd \/ cea-free, HD B\/A, ED 0\/0, DM\/DM<\/p>\n<p style=\"text-align: center;\">Failed\u00a0mental test, Lemp\u00e4\u00e4l\u00e4 24.4.2015\u00a0I Puputti\u00a0&amp;\u00a0M Vuorisalo<br \/>\n-2,+1b,-1,-1,+1b,+2,+1,+2b total\u00a0+63 p, gunshot unexperienced<\/p>\n<p style=\"text-align: center;\">Owner: kennel Sanjuusi<\/p>\n<p>Sinnu at <a href=\"https:\/\/scy.pedigreedatabaseonline.com\/fi\/HAWKFIELD-S-GOTTA-GO-MY-OWN-WAY\/pedigree\/25838\/i\" target=\"_blank\" rel=\"noopener\">SCY database<\/a><\/p>\n<table style=\"border: 0px solid #AAAAAA; border-collapse: collapse;\" border=\"1\" width=\"100%\" cellspacing=\"0\" cellpadding=\"5\">\n<tbody>\n<tr>\n<td class=\"male\" rowspan=\"4\" width=\"20%\"><a href=\"https:\/\/www.hawkfields.com\/wordpress\/?page_id=761\">Ch Houm Tete-a-Tete Maradona<\/a><\/td>\n<td class=\"male\" rowspan=\"2\" width=\"35%\">Rollington Det Bl\u00e5 Punktum<\/td>\n<td class=\"male\" width=\"45%\">Ch Sparkles-Black<\/td>\n<\/tr>\n<tr>\n<td class=\"female\" width=\"45%\">Ch Carminelle Fairytale at Merriline<\/td>\n<\/tr>\n<tr>\n<td class=\"female\" rowspan=\"2\" width=\"35%\">Ch Houm Tete-a-Tete Filadelphia<\/td>\n<td class=\"male\" width=\"45%\">Ch Sunlilac Blue Midnight<\/td>\n<\/tr>\n<tr>\n<td class=\"female\" width=\"45%\">Ch Houm Tete-Tete The Ballad<\/td>\n<\/tr>\n<tr>\n<td class=\"female\" rowspan=\"4\" width=\"20%\"><a href=\"https:\/\/www.hawkfields.com\/wordpress\/?page_id=379\">Shep&#8217;s You Are So Precious<\/a><\/td>\n<td class=\"male\" rowspan=\"2\" width=\"35%\"><a href=\"https:\/\/www.hawkfields.com\/wordpress\/?page_id=1381\">Ch Shep&#8217;s King of Dreams<\/a><\/td>\n<td class=\"male\" width=\"45%\">Ch Steadlyn Signature<\/td>\n<\/tr>\n<tr>\n<td class=\"female\" width=\"45%\">Ch Steadlyn Blueberry Dots<\/td>\n<\/tr>\n<tr>\n<td class=\"female\" rowspan=\"2\" width=\"35%\">Steadlyn Cloudbursting<\/td>\n<td class=\"male\" width=\"45%\">Steadlyn The Classic<\/td>\n<\/tr>\n<tr>\n<td class=\"female\" width=\"45%\">Ch Steadlyn The Temptress<\/td>\n<\/tr>\n<\/tbody>\n<\/table>\n<p style=\"text-align: center;\"><strong>Show results<\/strong>:<\/p>\n<p style=\"text-align: center;\"><strong>1 HP, 2nd best bitch puppy<\/strong>, Finnish Collie Club Main Specialty, Lohja 5.2.2011, judge Bev White, Maneric (GB)<br \/>\n<strong>Jun Exc2, CQ<\/strong>, Nokia 20.8.2011, judge Dina Korna, Scandyline (EST)<br \/>\n<strong>Inter Exc2, CQ<\/strong>, Lahti 15.1.2012 judge Mari Palgi, Dolmaris (EST\/FIN)<br \/>\n<strong>Inter Exc3, CQ<\/strong>, Finnish Collie Club Main Specialty, Tampere 30.6.2012, judge Valerie Gebbes, Ingledene (GB)<br \/>\n<strong>Open Exc1, CQ<\/strong>, Helsinki 03.08.2013 judge Mari Palgi, Dolmaris (EST\/FIN)<\/p>\n<p style=\"text-align: center;\"><img loading=\"lazy\" decoding=\"async\" class=\"aligncenter size-full wp-image-603\" title=\"Hawkfield's Gotta Go My Own Way\" src=\"http:\/\/www.hawkfields.com\/images\/pics\/sinnu_paat.jpg\" alt=\"Hawkfield's Gotta Go My Own Way\" width=\"550\" height=\"367\" \/><\/p>\n<p style=\"text-align: center;\"><a href=\"https:\/\/www.hawkfields.com\/wordpress\/?page_id=373\">More photos<\/a>\u00a0\u00a0 <a href=\"https:\/\/www.hawkfields.com\/wordpress\/?page_id=369\">Relatives<\/a><\/p>\n","protected":false},"excerpt":{"rendered":"<p>&#8220;Sinnu&#8221; born 01.07.2010 blue merle female, crd \/ cea-free, HD B\/A, ED 0\/0, DM\/DM Failed\u00a0mental test, Lemp\u00e4\u00e4l\u00e4 24.4.2015\u00a0I Puputti\u00a0&amp;\u00a0M Vuorisalo -2,+1b,-1,-1,+1b,+2,+1,+2b total\u00a0+63 p, gunshot unexperienced Owner: kennel Sanjuusi Sinnu at SCY database Ch Houm Tete-a-Tete Maradona Rollington Det Bl\u00e5 Punktum &hellip; <a href=\"https:\/\/www.hawkfields.com\/wordpress\/?page_id=352\">Continue reading <span class=\"meta-nav\">&rarr;<\/span><\/a><\/p>\n","protected":false},"author":1,"featured_media":0,"parent":148,"menu_order":0,"comment_status":"open","ping_status":"open","template":"","meta":{"footnotes":""},"class_list":["post-352","page","type-page","status-publish","hentry"],"_links":{"self":[{"href":"https:\/\/www.hawkfields.com\/wordpress\/index.php?rest_route=\/wp\/v2\/pages\/352","targetHints":{"allow":["GET"]}}],"collection":[{"href":"https:\/\/www.hawkfields.com\/wordpress\/index.php?rest_route=\/wp\/v2\/pages"}],"about":[{"href":"https:\/\/www.hawkfields.com\/wordpress\/index.php?rest_route=\/wp\/v2\/types\/page"}],"author":[{"embeddable":true,"href":"https:\/\/www.hawkfields.com\/wordpress\/index.php?rest_route=\/wp\/v2\/users\/1"}],"replies":[{"embeddable":true,"href":"https:\/\/www.hawkfields.com\/wordpress\/index.php?rest_route=%2Fwp%2Fv2%2Fcomments&post=352"}],"version-history":[{"count":25,"href":"https:\/\/www.hawkfields.com\/wordpress\/index.php?rest_route=\/wp\/v2\/pages\/352\/revisions"}],"predecessor-version":[{"id":2039,"href":"https:\/\/www.hawkfields.com\/wordpress\/index.php?rest_route=\/wp\/v2\/pages\/352\/revisions\/2039"}],"up":[{"embeddable":true,"href":"https:\/\/www.hawkfields.com\/wordpress\/index.php?rest_route=\/wp\/v2\/pages\/148"}],"wp:attachment":[{"href":"https:\/\/www.hawkfields.com\/wordpress\/index.php?rest_route=%2Fwp%2Fv2%2Fmedia&parent=352"}],"curies":[{"name":"wp","href":"https:\/\/api.w.org\/{rel}","templated":true}]}}